6
What is the greatest common divisor of 130 and 11635?
65
Calculate the greatest common divisor of 6 and 423.
3
What is the highest common factor of 240 and 552?
24
What is the highest common divisor of 11 and 10351?
11
Calculate the greatest common factor of 65 and 25.
5
Calculate the highest common divisor of 96 and 2608.
16
What is the greatest common divisor of 26 and 832?
26
Calculate the highest common factor of 18 and 22482.
18
What is the greatest common divisor of 10 and 170?
10
What is the greatest common factor of 63 and 294?
21
Calculate the greatest common factor of 22 and 341.
11
Calculate the highest common factor of 180 and 24.
12
What is the highest common factor of 33 and 143?
11
Calculate the highest common divisor of 407 and 11.
11
What is the highest common divisor of 70 and 860?
10
Calculate the greatest common factor of 99413 and 89.
89
What is the greatest common factor of 54 and 2079?
27
What is the highest common divisor of 10 and 10970?
10
What is the greatest common divisor of 606 and 13029?
303
What is the highest common divisor of 54 and 1728?
54
What is the greatest common divisor of 22 and 218?
2
Calculate the greatest common divisor of 507 and 91.
13
Calculate the greatest common factor of 294 and 2842.
98
Calculate the greatest common divisor of 26874 and 18.
18
What is the highest common divisor of 403 and 2480?
31
Calculate the greatest common divisor of 2288 and 143.
143
Calculate the highest common factor of 348 and 12.
12
What is the highest common divisor of 44 and 451?
11
What is the greatest common divisor of 59 and 4189?
59
Calculate the greatest common factor of 612 and 170.
34
What is the greatest common divisor of 11664 and 8?
8
Calculate the greatest common factor of 9 and 4167.
9
Calculate the greatest common divisor of 21862 and 34.
34
Calculate the greatest common factor of 56 and 32.
8
Calculate the highest common divisor of 1498 and 14.
14
Calculate the highest common factor of 16 and 1024.
16
What is the highest common factor of 194 and 97?
97
Calculate the highest common factor of 71 and 3.
1
Calculate the greatest common factor of 42 and 12.
6
What is the greatest common divisor of 9459 and 81?
9
Calculate the highest common factor of 7316 and 472.
236
Calculate the highest common factor of 6 and 162.
6
Calculate the greatest common factor of 2108 and 62.
62
Calculate the greatest common divisor of 585 and 234.
117
Calculate the greatest common factor of 80 and 10.
10
Calculate the highest common factor of 42 and 952.
14
What is the highest common factor of 16525 and 50?
25
What is the highest common divisor of 50 and 450?
50
Calculate the highest common divisor of 15 and 81.
3
Calculate the greatest common divisor of 55 and 407.
11
What is the highest common divisor of 319 and 3596?
29
What is the greatest common divisor of 3 and 24?
3
Calculate the greatest common factor of 70 and 350.
70
Calculate the highest common factor of 60 and 570.
30
What is the highest common factor of 847 and 7?
7
What is the highest common factor of 160 and 352?
32
What is the greatest common factor of 48 and 1572?
12
What is the highest common factor of 53256 and 168?
168
Calculate the highest common factor of 15 and 4335.
15
Calculate the greatest common divisor of 6285 and 15.
15
What is the greatest common factor of 2 and 206?
2
What is the greatest common factor of 15585 and 15?
15
Calculate the highest common divisor of 182 and 28.
14
What is the greatest common factor of 715 and 55?
55
Calculate the highest common divisor of 176 and 32.
16
What is the greatest common factor of 366 and 122?
122
Calculate the greatest common divisor of 448 and 144.
16
Calculate the highest common factor of 140 and 2905.
35
What is the highest common divisor of 4 and 412?
4
Calculate the greatest common divisor of 5200 and 128.
16
What is the highest common divisor of 12 and 12?
12
What is the greatest common factor of 99 and 814?
11
What is the greatest common factor of 11 and 13?
1
What is the greatest common factor of 765 and 3375?
45
Calculate the greatest common divisor of 1577 and 38.
19
Calculate the greatest common factor of 69 and 15387.
69
Calculate the greatest common divisor of 12190 and 920.
230
Calculate the greatest common factor of 15296 and 239.
239
What is the highest common divisor of 3038 and 588?
98
Calculate the greatest common divisor of 190 and 4712.
38
Calculate the greatest common divisor of 2079 and 77.
77
Calculate the greatest common divisor of 41 and 5.
1
What is the highest common factor of 140 and 2060?
20
Calculate the greatest common divisor of 192 and 1984.
64
What is the highest common divisor of 24 and 228?
12
What is the greatest common divisor of 87 and 14703?
87
Calculate the greatest common divisor of 31 and 713.
31
Calculate the greatest common divisor of 78 and 104.
26
Calculate the highest common factor of 1537 and 159.
53
What is the greatest common factor of 136 and 17?
17
What is the greatest common divisor of 8579 and 115?
23
What is the greatest common divisor of 48 and 5172?
12
Calculate the highest common factor of 150 and 30.
30
Calculate the highest common divisor of 58 and 725.
29
What is the highest common factor of 2176 and 68?
68
What is the highest common divisor of 5 and 35?
5
What is the highest common factor of 57 and 399?
57
What is the greatest common factor of 704 and 22?
22
Calculate the highest common divisor of 20 and 2900.
20
Calculate the greatest common divisor of 70 and 2030.
70
Calculate the greatest common divisor of 2009 and 41.
41
What is the highest common factor of 12 and 2124?
12
Calculate the highest common divisor of 2496 and 336.
48
What is the highest common factor of 1795 and 25?
5
What is the highest common factor of 48 and 1902?
6
Calculate the greatest common factor of 810 and 30.
30
Calculate the highest common divisor of 350 and 100.
50
What is the greatest common factor of 612 and 405?
9
Calculate the highest common divisor of 58 and 2.
2
Calculate the greatest common factor of 639 and 142.
71
Calculate the greatest common factor of 530 and 10.
10
What is the greatest common factor of 4 and 6?
2
What is the highest common divisor of 350 and 70?
70
What is the greatest common factor of 32 and 3136?
32
What is the highest common factor of 60 and 80?
20
Calculate the greatest common factor of 72 and 30.
6
Calculate the highest common factor of 429 and 52.
13
What is the highest common factor of 3056 and 224?
16
Calculate the greatest common factor of 2 and 122.
2
What is the greatest common divisor of 203 and 7?
7
What is the greatest common factor of 5 and 3155?
5
Calculate the highest common divisor of 564 and 36.
12
What is the greatest common factor of 3185 and 520?
65
What is the greatest common divisor of 123 and 15?
3
Calculate the greatest common divisor of 2 and 2122.
2
Calculate the greatest common factor of 252 and 225.
9
What is the highest common divisor of 9 and 1029?
3
What is the greatest common factor of 42 and 6?
6
Calculate the highest common factor of 396 and 88.
44
What is the highest common divisor of 121 and 11?
11
Calculate the highest common factor of 12702 and 348.
174
Calculate the highest common factor of 34 and 34.
34
What is the greatest common factor of 4 and 764?
4
What is the highest common factor of 460 and 92?
92
What is the highest common divisor of 612 and 36?
36
What is the greatest common factor of 336 and 3948?
84
Calculate the highest common factor of 222 and 30.
6
What is the greatest common factor of 49 and 1568?
49
Calculate the highest common divisor of 49 and 41.
1
Calculate the greatest common divisor of 159 and 53.
53
What is the greatest common divisor of 60336 and 9?
9
Calculate the greatest common factor of 36 and 4.
4
What is the highest common divisor of 12616 and 24?
8
What is the greatest common factor of 14 and 1?
1
What is the greatest common factor of 4 and 38?
2
What is the greatest common divisor of 122 and 1647?
61
Calculate the highest common factor of 180 and 13140.
180
Calculate the highest common divisor of 33 and 660.
33
Calculate the greatest common factor of 54 and 24.
6
What is the greatest common factor of 32 and 2?
2
What is the greatest common divisor of 316 and